
10
Let w = -9 - -19. Suppose 2*s - w = -4. Suppose 39 = z + 3*z - s*f, f = -3*z + 26. What is the highest common factor of 99 and z?
9
Suppose 6*d - 980 + 308 = 0. What is the greatest common divisor of d and 14?
14
Let t(f) = -f - 3*f**2 + 10*f - 1 + 4*f**2 - 3*f. Let k be t(-5). Let s(n) = -33*n + 11. Let x be s(k). What is the greatest common divisor of 19 and x?
19
Let i be 0 - (1 + -3) - (-6 - 265). What is the greatest common divisor of 78 and i?
39
Suppose -11*q = 3*d - 7*q - 1161, 4*q = 4*d - 1548. What is the greatest common factor of 43 and d?
43
Let z(u) = 8*u - 35. Let l be z(6). What is the greatest common factor of l and 767?
13
Suppose 2*r - 4*r - 5*y = 7, 0 = 5*r - y - 23. Let k be (r/6*3)/(10/80). What is the highest common factor of 24 and k?
8
Let b be (-1)/(3/(-150)) + 0. Let m = -106 + b. Let f = m - -80. Calculate the greatest common factor of f and 3.
3
Let s(i) = -i**2 - 71*i - 76*i + 158*i. Let f be s(10). Calculate the greatest common divisor of f and 70.
10
Let c = 1734 - 1722. Let o be 2/(-7) + (-60)/(-14). Calculate the greatest common factor of c and o.
4
Suppose -d + 12 = 3*d, -5*d + 95 = 4*u. Let z be -40*(-6 + (-2)/(-2)). Calculate the highest common divisor of z and u.
20
Let o(r) = -r**2 + 9*r + 4. Let n be o(9). Let i = n + 4. Let v(g) = g**3 - 8*g**2 - g + 10. Let l be v(8). What is the greatest common factor of l and i?
2
Let z be 17/3 - 2/3. Suppose 0 = -z*h + 5*i + 65, 2*h + 0*i - 38 = -i. Let d be 2295/75*((-1)/(-5))/((-6)/(-50)). What is the highest common divisor of h and d?
17
Let v be (-272)/(-9) + 88/(-396). Calculate the highest common divisor of 5 and v.
5
Let o = 629 - 527. Let s(l) = -l**2 + 7*l. Let a be s(6). Calculate the highest common divisor of o and a.
6
Suppose -5*x = 2*o - 187, -5*o = -x - 217 - 237. Calculate the highest common factor of 21 and o.
7
Let r be ((-1)/(-3))/((-4)/(-684)). Calculate the greatest common factor of 247 and r.
19
Let a be 32/(-12)*(-27)/2. Let t(j) = -77*j - 20. Let d be t(-4). What is the greatest common factor of d and a?
36
Let y be ((-15)/(-6) + 0)*2. Suppose -y*c = -c - 32. Suppose 2*a + 3*m + 18 = -2*m, -14 = 2*a + 4*m. Calculate the highest common factor of a and c.
1
Suppose 5*l = 72 + 3. Let s(g) = 4*g**2 + l*g - 4*g**2 - g**2 + 4 - 5*g. Let c be s(8). What is the greatest common factor of 100 and c?
20
Let y be (-30)/50 - 2/5. Let a = 16 + y. What is the greatest common divisor of 6 and a?
3
Let t = 9 - 13. Let u(z) = z**3 + 7*z**2 + 5*z - 4. Let q be u(t). Suppose -h - 3*h = -q. Calculate the greatest common divisor of 3 and h.
3
Let p = -99 + 99. Suppose 3*t - 129 = -3*k, p = 2*k + 5*t - 4*t - 85. Calculate the highest common divisor of 28 and k.
14
Let t(g) = -23*g - 30. Let a be t(-6). Suppose 4*w - 2*w = 0. Suppose 2*d + w*d = 24. What is the highest common factor of d and a?
12
Let a be -2 + 574 + (-2)/1. Let c be ((-4)/8)/((-3)/a). Suppose -109 + 14 = -5*h. Calculate the greatest common factor of h and c.
19
Let p be (-4)/(-14) - (-61)/7. Let t(g) = g**3 - 8*g**2 - 9*g + 12. Let m be t(p). What is the greatest common factor of 108 and m?
12
Suppose 0 = 3*w + 2*w - 50. Suppose -4*n - 2*o - 270 = 0, -n - 13 = -5*o + 82. Let y be 12/21*n/(-4). Calculate the highest common factor of w and y.
10
Suppose -4*m + 2*m - 144 = -5*z, 0 = -3*z - 5*m + 105. Calculate the highest common divisor of 12 and z.
6
Suppose -13*k - 561 = -1692. What is the greatest common divisor of 3 and k?
3
Let g = 161 + -127. Calculate the greatest common divisor of 1462 and g.
34
Let q be (2093/69)/((-3)/(-9)). What is the highest common divisor of 26 and q?
13
Suppose -208 = -5*z + 62. Suppose 0 = -76*a - 16*a + 1656. What is the greatest common divisor of z and a?
18
Let p be ((-3)/((-9)/(-15)))/(4/(-4)). Suppose -100 = -p*g + 60. What is the highest common factor of 8 and g?
8
Suppose -2*n + 26 = 2*v, -4*n = 5*v - 4*v - 43. Suppose -n = -2*t + 34. Calculate the highest common factor of t and 2.
2
Suppose 4*s - 5*o - 2 = -8, -4*o = -2*s - 6. Let b be 0 - (-1 - (-2 - -2)). What is the greatest common divisor of b and s?
1
Let h be (473/11)/(1/5). Let g = h + -50. What is the greatest common divisor of g and 55?
55
Let j be (-4 - (4 - -3))/(-1). Let x = 7 + j. Calculate the highest common factor of 54 and x.
18
Let a(x) = 504*x**2 - 2*x + 2. Let u be a(1). Suppose -i + u = 6*i. Calculate the greatest common divisor of i and 9.
9
Suppose -5*t - 4*z = -53, 17 = 2*t - 3*z - 18. What is the greatest common divisor of 52 and t?
13
Suppose -5*a - 6*f = -9954, 32*a - 35*a + 5973 = 3*f. What is the greatest common divisor of 48 and a?
24
Let p be 54/10 + 10/(-25). Suppose -p*h - 2*f = -26 + 8, 1 = -f. Let z be h - 8/12*3. Calculate the highest common divisor of 6 and z.
2
Let m(a) = -a**3 - 31*a**2 - 4*a - 20. Let w be m(-31). Calculate the highest common factor of w and 65.
13
Let y(v) = -22*v + 1. Let g be y(3). Suppose 3*j + 2*j = 465. Let d = g + j. What is the highest common divisor of 7 and d?
7
Let t = 23 + -23. Suppose w + 2*w - 3*x - 21 = t, -2*x = w + 8. Let m(l) = l. Let k be m(1). Calculate the highest common divisor of k and w.
1
Let q = 1152 + -1102. Calculate the greatest common divisor of 80 and q.
10
Let o = 2241 + -872. Calculate the highest common divisor of o and 37.
37
Let l(a) = 2*a**3 + 2*a**2 + 3*a - 4. Let b be l(1). Suppose 5*d - 25 = 0, 44 = b*m + d + 15. What is the highest common factor of 44 and m?
4
Let t(v) = v**2 + 15*v + 122. Let y be t(-13). Calculate the greatest common factor of 3 and y.
3
Suppose -u - 59 = 5*f - 60, -4 = 2*f. Let x(i) = 28*i**2 + 2*i + 2. Let g be x(-2). What is the highest common factor of u and g?
11
Let u(n) = 17*n - 104. Let m be u(9). Calculate the highest common divisor of 14 and m.
7
Suppose 2*j - 4*l = 348, 2*j + 703 = 6*j - l. Let t(m) = 2*m**2 - 2*m - 2. Let z be t(-3). What is the greatest common factor of j and z?
22
Suppose 3*h = -h + 12. Let r(s) = -2*s + 70. Let f be r(34). Suppose -2*v + 1034 = f*v - 2*p, 2*v - h*p = 527. Calculate the highest common divisor of v and 32.
32
Let x be (-380)/6*(-6)/2. Let y = x - 64. What is the greatest common divisor of 18 and y?
18
Suppose -4*m + 3*a = 37, 0 = -3*m - 4*a - 4 - 5. Let c = 10 + m. Suppose -12 = -5*f + n, -c*f + 2*f = n. Calculate the greatest common divisor of 2 and f.
2
Suppose -2*g + 101 = 71. Suppose 5*l - 13 = -3. Suppose -5 = s - 4*h, 45 = 2*s - l*h + 5*h. What is the highest common factor of s and g?
15
Suppose 18 + 8 = r. Suppose r*s + 14 = 28*s. Calculate the highest common divisor of 21 and s.
7
Let s be -3 + (-246)/(-15) - 12/(-20). Calculate the greatest common divisor of s and 112.
14
Suppose 3*h - 165 = -2*h. Suppose 75 = r - h. What is the greatest common factor of r and 12?
12
Suppose -3*s = -0*s + 15, 2*b + 2*s - 674 = 0. Suppose u = -3*u + 5*i + b, -4*i = -2*u + 168. Calculate the greatest common factor of 8 and u.
8
Let h = 972 + -892. What is the highest common divisor of 460 and h?
20
Let s(o) = o**2 + 3*o + 4. Let a be s(-4). Suppose -4*j = -1131 + 1051. What is the greatest common divisor of j and a?
4
Let g = -32 + 37. What is the greatest common divisor of 80 and g?
5
Suppose 0 = 4*b + 4*s - 196, 221 = 7*b - 3*b - s. Calculate the highest common factor of 1458 and b.
54
Let w = -257 + 417. Suppose -w*s + 156*s = -76. Calculate the greatest common divisor of 19 and s.
19
Let j be 464/(-48) - (-2)/(-6). Let u be (216/j)/((-3)/10). What is the highest common factor of u and 8?
8
Let c be (6 + 2)/(-64)*-664. What is the highest common factor of 1328 and c?
83
Let u be (-64)/3 - 4/(-12). Let f = -17 - u. Let v(r) = r**3 - 2*r**2 + 3*r - 4. Let c be v(f). Calculate the highest common divisor of 100 and c.
20
Suppose -3*d = 4*u - 28, 71*u = -2*d + 75*u + 52. What is the greatest common divisor of 1 and d?
1
Suppose -5*r - 77 = 5*a - 412, 5*a + 155 = 2*r. Suppose r = 4*g + c, 0 = -g - 2*g + 3*c + 60. What is the greatest common divisor of 126 and g?
18
Let m = -21 - -29. Let f = 7 - 7. Suppose m*x - 3*x - 30 = f. What is the highest common factor of x and 48?
6
Let z be (22/8 + -2)/((-8)/(-32)). Suppose -83 = -3*n - 0*n - 5*l, -n + 21 = z*l. What is the greatest common factor of n and 18?
18
Suppose 22*d = 3125 + 5147. What is the greatest com